late the highest common factor of 416 and 1768.
104
What is the greatest common factor of 43 and 1978?
43
What is the greatest common factor of 1854 and 13184?
206
Calculate the highest common factor of 123 and 14227.
41
What is the greatest common factor of 380 and 608?
76
What is the greatest common factor of 1197 and 57?
57
Calculate the greatest common factor of 204 and 96.
12
What is the highest common divisor of 10 and 6?
2
Calculate the highest common divisor of 57 and 418.
19
What is the greatest common divisor of 14 and 11438?
14
Calculate the highest common divisor of 70 and 30.
10
Calculate the highest common divisor of 35 and 7.
7
What is the greatest common divisor of 8888 and 440?
88
Calculate the greatest common divisor of 136 and 536.
8
What is the greatest common factor of 6135 and 15?
15
Calculate the greatest common divisor of 435 and 42.
3
Calculate the greatest common factor of 3 and 2811.
3
Calculate the greatest common divisor of 1180 and 20.
20
What is the greatest common factor of 9 and 5931?
9
What is the greatest common factor of 4480 and 420?
140
Calculate the greatest common factor of 12 and 256.
4
What is the highest common factor of 551 and 290?
29
Calculate the highest common divisor of 664 and 8.
8
Calculate the greatest common divisor of 1273 and 1474.
67
What is the greatest common divisor of 58 and 1421?
29
What is the greatest common divisor of 1005 and 215?
5
What is the greatest common factor of 60 and 5835?
15
Calculate the greatest common divisor of 41616 and 289.
289
Calculate the greatest common divisor of 690 and 4002.
138
Calculate the highest common factor of 4461 and 3.
3
Calculate the highest common factor of 102 and 544.
34
Calculate the greatest common factor of 77 and 4081.
77
Calculate the greatest common factor of 533 and 82.
41
Calculate the greatest common divisor of 938 and 8576.
134
Calculate the highest common factor of 45 and 285.
15
What is the highest common factor of 584 and 50?
2
What is the highest common divisor of 1708 and 476?
28
What is the highest common divisor of 59 and 62835?
59
What is the greatest common factor of 285 and 513?
57
Calculate the highest common factor of 4110 and 750.
30
Calculate the greatest common factor of 45 and 9285.
15
Calculate the greatest common divisor of 105 and 10230.
15
What is the highest common divisor of 31 and 1?
1
Calculate the greatest common divisor of 5035 and 95.
95
What is the greatest common divisor of 327 and 25833?
327
What is the greatest common factor of 300 and 12?
12
Calculate the highest common divisor of 391 and 34.
17
Calculate the highest common divisor of 12465 and 2216.
277
What is the highest common divisor of 1302 and 84?
42
Calculate the highest common divisor of 982 and 10.
2
What is the highest common factor of 6000 and 48?
48
What is the highest common factor of 30 and 12?
6
Calculate the greatest common factor of 55 and 77.
11
What is the highest common divisor of 1377 and 45?
9
What is the greatest common factor of 192 and 128?
64
Calculate the greatest common factor of 2960 and 444.
148
What is the highest common factor of 520 and 640?
40
What is the highest common divisor of 58 and 2?
2
Calculate the greatest common divisor of 8105 and 5.
5
What is the highest common divisor of 1494 and 90?
18
What is the highest common factor of 83 and 23489?
83
What is the highest common divisor of 284 and 4?
4
What is the highest common divisor of 2535 and 13?
13
Calculate the highest common divisor of 444 and 60.
12
What is the highest common factor of 240 and 345?
15
What is the highest common factor of 196 and 28?
28
Calculate the highest common divisor of 910 and 728.
182
What is the highest common divisor of 1664 and 351?
13
Calculate the highest common factor of 2 and 587.
1
What is the greatest common divisor of 3 and 111?
3
Calculate the greatest common factor of 342 and 418.
38
What is the greatest common factor of 60 and 72?
12
What is the greatest common divisor of 140 and 4844?
28
Calculate the greatest common divisor of 153 and 42075.
153
Calculate the highest common divisor of 11 and 4631.
11
Calculate the greatest common divisor of 299 and 117.
13
Calculate the highest common factor of 72 and 15192.
72
Calculate the highest common factor of 870 and 90.
30
Calculate the highest common factor of 560 and 805.
35
Calculate the highest common factor of 48 and 1164.
12
Calculate the highest common divisor of 60 and 70.
10
Calculate the highest common factor of 16205 and 245.
35
What is the greatest common divisor of 245 and 140?
35
Calculate the greatest common factor of 135 and 60.
15
Calculate the highest common factor of 8 and 10.
2
Calculate the highest common divisor of 548 and 411.
137
What is the greatest common divisor of 22 and 4?
2
Calculate the greatest common divisor of 5264 and 423.
47
Calculate the highest common divisor of 450 and 11925.
225
What is the greatest common divisor of 1629 and 225?
9
Calculate the greatest common divisor of 98 and 1323.
49
What is the greatest common factor of 100 and 40?
20
Calculate the highest common divisor of 112 and 3220.
28
What is the highest common factor of 700 and 75?
25
Calculate the highest common factor of 50 and 625.
25
Calculate the greatest common divisor of 182 and 130.
26
What is the greatest common factor of 637 and 35?
7
What is the greatest common factor of 88 and 374?
22
Calculate the greatest common divisor of 472 and 28.
4
Calculate the highest common divisor of 8 and 100.
4
What is the greatest common factor of 535 and 15?
5
Calculate the highest common divisor of 510 and 15.
15
Calculate the highest common divisor of 95 and 1805.
95
What is the greatest common divisor of 412 and 4?
4
Calculate the greatest common divisor of 27 and 3.
3
What is the greatest common divisor of 6 and 138?
6
Calculate the greatest common factor of 296 and 111.
37
What is the highest common divisor of 204 and 44?
4
Calculate the greatest common divisor of 235 and 155.
5
What is the greatest common divisor of 132 and 462?
66
Calculate the greatest common divisor of 7305 and 30.
15
What is the highest common factor of 2616 and 36?
12
What is the highest common factor of 405 and 1161?
27
Calculate the highest common factor of 17 and 3859.
17
What is the highest common divisor of 60 and 80?
20
What is the highest common factor of 104 and 1080?
8
What is the greatest common divisor of 952 and 34?
34
What is the greatest common factor of 2478 and 236?
118
What is the greatest common factor of 9 and 63?
9
Calculate the greatest common divisor of 6 and 402.
6
What is the highest common factor of 168 and 378?
42
Calculate the greatest common divisor of 15 and 24.
3
Calculate the highest common factor of 1938 and 476.
34
Calculate the greatest common divisor of 1520 and 2204.
76
What is the highest common divisor of 45 and 10485?
45
What is the highest common divisor of 3021 and 57?
57
Calculate the highest common divisor of 4176 and 1152.
144
Calculate the highest common divisor of 16 and 1768.
8
What is the highest common factor of 190 and 76?
38
Calculate the greatest common divisor of 88 and 4532.
44
Calculate the highest common factor of 278 and 417.
139
What is the greatest common factor of 1530 and 238?
34
Calculate the greatest common factor of 108 and 96.
12
Calculate the greatest common divisor of 128 and 1136.
16
What is the greatest common divisor of 13674 and 212?
106
Calculate the greatest common factor of 2 and 4.
2
What is the highest common factor of 88 and 22?
22
Calculate the greatest common factor of 212 and 9116.
212
What is the highest common divisor of 64 and 1816?
8
What is the greatest common factor of 14 and 13174?
14
What is the greatest common divisor of 10858 and 183?
61
Calculate the highest common divisor of 16 and 1.
1
Calculate the highest common divisor of 61 and 12139.
61
What is the highest common divisor of 64 and 8128?
64
What is the greatest common divisor of 56 and 10444?
28
What is the greatest common divisor of 47 and 9259?
47
Calculate the highest common divisor of 59 and 3127.
59
What is the highest common divisor of 360 and 1640?
40
What is the highest common divisor of 190 and 38?
38
Calculate the greatest common factor of 59 an